{"id":69,"date":"2022-10-30T15:54:26","date_gmt":"2022-10-30T14:54:26","guid":{"rendered":"http:\/\/loiseau-creations.com\/?page_id=69"},"modified":"2026-03-11T22:42:55","modified_gmt":"2026-03-11T21:42:55","slug":"fleurs","status":"publish","type":"page","link":"https:\/\/loiseau-creations.com\/?page_id=69","title":{"rendered":"Fleurs"},"content":{"rendered":"\n<p class=\"has-text-align-center has-black-color has-text-color has-link-color has-small-font-size wp-elements-0d0fac5423d28a45aee6257fbc78af45\">D\u00e9couvrez l&rsquo;art d\u00e9licat de la cr\u00e9ation de fleurs en verre, r\u00e9alis\u00e9es avec passion et savoir-faire. Chaque pi\u00e8ce est soigneusement d\u00e9coup\u00e9e et assembl\u00e9e \u00e0 la main.<\/p>\n\n\n\n<p class=\"has-black-color has-text-color has-link-color has-small-font-size wp-elements-7306506bfa1a2b07f5e46191addf5774\">Mes fleurs sont mont\u00e9es sur une tige en fil de cuivre, magnifiquement recouverte de soudure \u00e0 l&rsquo;\u00e9tain, garantissant \u00e0 la fois robustesse et esth\u00e9tisme. Chaque verre utilis\u00e9 est soigneusement s\u00e9lectionn\u00e9 pour ses caract\u00e9ristiques : opalescent, translucide ou opaque, offrant ainsi une vari\u00e9t\u00e9 de textures et de couleurs qui illumineront n&rsquo;importe quel espace.<\/p>\n\n\n\n<p class=\"has-text-align-center has-black-color has-text-color has-link-color has-small-font-size wp-elements-91e7156fee1861ddda2cc1ac952fc303\">Mes cr\u00e9ations uniques apportent une touche \u00e9l\u00e9gante \u00e0 votre int\u00e9rieur, que ce soit pour agr\u00e9menter vos plantes ou embellir vos vases. Avec leurs couleurs \u00e9clatantes et leurs formes d\u00e9licates, nos fleurs en verre ajoutent une note artistique et raffin\u00e9e \u00e0 votre d\u00e9coration.<\/p>\n\n\n\n<p class=\"has-text-align-center has-black-color has-text-color has-link-color has-small-font-size wp-elements-fae1ffb3a47e35ccfb5b12118b76482a\">N\u2019h\u00e9sitez pas \u00e0 explorer l\u2019ensemble de mes cr\u00e9ations en vitrail, o\u00f9 chaque pi\u00e8ce raconte une histoire unique. Pour toute question ou demande d\u2019information suppl\u00e9mentaire, notre formulaire de contact est \u00e0 votre disposition.<\/p>\n\n\n\n<p class=\"has-text-align-center has-black-color has-text-color has-link-color has-small-font-size wp-elements-8225c421492d57b723e1938ed97326b6\">Je vous souhaite  une agr\u00e9able visite sur mon site.<\/p>\n\n\n\n<div style=\"height:100px\" aria-hidden=\"true\" class=\"wp-block-spacer\"><\/div>\n\n\n\n","protected":false},"excerpt":{"rendered":"<p>D\u00e9couvrez l&rsquo;art d\u00e9licat de la cr\u00e9ation de fleurs en verre, r\u00e9alis\u00e9es avec passion et savoir-faire. Chaque pi\u00e8ce est soigneusement d\u00e9coup\u00e9e et assembl\u00e9e \u00e0 la main. Mes fleurs sont mont\u00e9es sur une tige en fil de cuivre, magnifiquement recouverte de soudure \u00e0 l&rsquo;\u00e9tain, garantissant \u00e0 la fois robustesse et esth\u00e9tisme. Chaque verre utilis\u00e9 est soigneusement s\u00e9lectionn\u00e9&hellip; <br \/> <a class=\"read-more\" href=\"https:\/\/loiseau-creations.com\/?page_id=69\">Lire la suite<\/a><\/p>\n","protected":false},"author":1,"featured_media":0,"parent":5,"menu_order":0,"comment_status":"closed","ping_status":"closed","template":"","meta":{"footnotes":""},"class_list":["post-69","page","type-page","status-publish","hentry"],"_links":{"self":[{"href":"https:\/\/loiseau-creations.com\/index.php?rest_route=\/wp\/v2\/pages\/69","targetHints":{"allow":["GET"]}}],"collection":[{"href":"https:\/\/loiseau-creations.com\/index.php?rest_route=\/wp\/v2\/pages"}],"about":[{"href":"https:\/\/loiseau-creations.com\/index.php?rest_route=\/wp\/v2\/types\/page"}],"author":[{"embeddable":true,"href":"https:\/\/loiseau-creations.com\/index.php?rest_route=\/wp\/v2\/users\/1"}],"replies":[{"embeddable":true,"href":"https:\/\/loiseau-creations.com\/index.php?rest_route=%2Fwp%2Fv2%2Fcomments&post=69"}],"version-history":[{"count":8,"href":"https:\/\/loiseau-creations.com\/index.php?rest_route=\/wp\/v2\/pages\/69\/revisions"}],"predecessor-version":[{"id":3128,"href":"https:\/\/loiseau-creations.com\/index.php?rest_route=\/wp\/v2\/pages\/69\/revisions\/3128"}],"up":[{"embeddable":true,"href":"https:\/\/loiseau-creations.com\/index.php?rest_route=\/wp\/v2\/pages\/5"}],"wp:attachment":[{"href":"https:\/\/loiseau-creations.com\/index.php?rest_route=%2Fwp%2Fv2%2Fmedia&parent=69"}],"curies":[{"name":"wp","href":"https:\/\/api.w.org\/{rel}","templated":true}]}}