{"id":17,"date":"2022-10-30T13:50:02","date_gmt":"2022-10-30T12:50:02","guid":{"rendered":"http:\/\/loiseau-creations.com\/?page_id=17"},"modified":"2024-01-28T12:12:04","modified_gmt":"2024-01-28T11:12:04","slug":"nos-prestations","status":"publish","type":"page","link":"https:\/\/loiseau-creations.com\/?page_id=17","title":{"rendered":"Nos Prestations"},"content":{"rendered":"\n<div class=\"wp-block-columns is-layout-flex wp-container-core-columns-is-layout-9d6595d7 wp-block-columns-is-layout-flex\">\n<div class=\"wp-block-column is-layout-flow wp-block-column-is-layout-flow\">\n<div class=\"wp-block-buttons is-content-justification-center is-layout-flex wp-container-core-buttons-is-layout-16018d1d wp-block-buttons-is-layout-flex\">\n<div class=\"wp-block-button has-custom-width wp-block-button__width-75\"><a class=\"wp-block-button__link has-black-color has-text-color has-background has-link-color wp-element-button\" href=\"https:\/\/loiseau-creations.com\/?page_id=104\" style=\"background:linear-gradient(90deg,rgb(202,248,128) 0%,rgb(113,206,126) 100%)\"><strong>Les Stages de D\u00e9couverte<\/strong>&nbsp;<\/a><\/div>\n<\/div>\n<\/div>\n\n\n\n<div class=\"wp-block-column is-vertically-aligned-center is-layout-flow wp-block-column-is-layout-flow\">\n<div class=\"wp-block-buttons is-content-justification-space-between is-layout-flex wp-container-core-buttons-is-layout-3d213aab wp-block-buttons-is-layout-flex\">\n<div class=\"wp-block-button\"><a class=\"wp-block-button__link has-black-color has-electric-grass-gradient-background has-text-color has-background has-link-color has-text-align-center wp-element-button\" href=\"https:\/\/loiseau-creations.com\/?page_id=106\"><strong>Commande Sp\u00e9cifique Ev\u00e9nement<\/strong><\/a><\/div>\n<\/div>\n<\/div>\n<\/div>\n\n\n\n<div style=\"height:30px\" aria-hidden=\"true\" class=\"wp-block-spacer\"><\/div>\n\n\n\n<div class=\"wp-block-columns is-layout-flex wp-container-core-columns-is-layout-9d6595d7 wp-block-columns-is-layout-flex\">\n<div class=\"wp-block-column is-layout-flow wp-block-column-is-layout-flow\"><div class=\"wp-block-image\">\n<figure class=\"aligncenter size-full is-resized\"><img loading=\"lazy\" decoding=\"async\" width=\"1920\" height=\"2560\" src=\"https:\/\/loiseau-creations.com\/wp-content\/uploads\/2023\/11\/IMG_4116-scaled.jpg\" alt=\"\" class=\"wp-image-1415\" style=\"width:339px;height:auto\" srcset=\"https:\/\/loiseau-creations.com\/wp-content\/uploads\/2023\/11\/IMG_4116-scaled.jpg 1920w, https:\/\/loiseau-creations.com\/wp-content\/uploads\/2023\/11\/IMG_4116-225x300.jpg 225w, https:\/\/loiseau-creations.com\/wp-content\/uploads\/2023\/11\/IMG_4116-768x1024.jpg 768w, https:\/\/loiseau-creations.com\/wp-content\/uploads\/2023\/11\/IMG_4116-1152x1536.jpg 1152w, https:\/\/loiseau-creations.com\/wp-content\/uploads\/2023\/11\/IMG_4116-1536x2048.jpg 1536w, https:\/\/loiseau-creations.com\/wp-content\/uploads\/2023\/11\/IMG_4116-1024x1365.jpg 1024w, https:\/\/loiseau-creations.com\/wp-content\/uploads\/2023\/11\/IMG_4116-810x1080.jpg 810w\" sizes=\"auto, (max-width: 1920px) 100vw, 1920px\" \/><\/figure>\n<\/div><\/div>\n\n\n\n<div class=\"wp-block-column is-layout-flow wp-block-column-is-layout-flow\"><div class=\"wp-block-image\">\n<figure class=\"aligncenter size-full is-resized\"><img loading=\"lazy\" decoding=\"async\" width=\"720\" height=\"960\" src=\"https:\/\/loiseau-creations.com\/wp-content\/uploads\/2023\/11\/Vitrail-pour-evenement-de-Mariage.jpg\" alt=\"\" class=\"wp-image-1416\" style=\"width:339px;height:auto\" srcset=\"https:\/\/loiseau-creations.com\/wp-content\/uploads\/2023\/11\/Vitrail-pour-evenement-de-Mariage.jpg 720w, https:\/\/loiseau-creations.com\/wp-content\/uploads\/2023\/11\/Vitrail-pour-evenement-de-Mariage-225x300.jpg 225w\" sizes=\"auto, (max-width: 720px) 100vw, 720px\" \/><\/figure>\n<\/div><\/div>\n<\/div>\n\n\n\n<div style=\"height:32px\" aria-hidden=\"true\" class=\"wp-block-spacer\"><\/div>\n\n\n\n<div class=\"wp-block-columns is-layout-flex wp-container-core-columns-is-layout-9d6595d7 wp-block-columns-is-layout-flex\">\n<div class=\"wp-block-column is-layout-flow wp-block-column-is-layout-flow\">\n<div style=\"height:201px\" aria-hidden=\"true\" class=\"wp-block-spacer\"><\/div>\n<\/div>\n\n\n\n<div class=\"wp-block-column is-layout-flow wp-block-column-is-layout-flow\" style=\"flex-basis:339px\">\n<div class=\"wp-block-group\"><div class=\"wp-block-group__inner-container is-layout-constrained wp-block-group-is-layout-constrained\">\n<p class=\"has-text-align-left has-small-font-size\">L\u2019Oiseau Cr\u00e9ations vous propose de d\u00e9couvrir l\u2019art du vitrail en participant \u00e0 des stages de d\u00e9couverte.&nbsp;La technique Tiffany est la plus utilis\u00e9e par l\u2019atelier, mais la technique au plomb peut \u00e9galement \u00eatre abord\u00e9e, si le stagiaire le souhaite.                                                   <\/p>\n\n\n\n<p class=\"has-small-font-size\"> <strong><em>Prix du stage : 20\u20ac \/h<\/em><\/strong><\/p>\n<\/div><\/div>\n<\/div>\n\n\n\n<div class=\"wp-block-column is-layout-flow wp-block-column-is-layout-flow\">\n<div style=\"height:100px\" aria-hidden=\"true\" class=\"wp-block-spacer\"><\/div>\n<\/div>\n\n\n\n<div class=\"wp-block-column is-layout-flow wp-block-column-is-layout-flow\"><\/div>\n\n\n\n<div class=\"wp-block-column is-vertically-aligned-center is-layout-flow wp-block-column-is-layout-flow\" style=\"flex-basis:339px\">\n<p class=\"has-text-align-left has-small-font-size\">Cette prestation comprend la r\u00e9alisation sur mesure d\u2019objets sur commande pour des \u00e9v\u00e8nements particuliers (anniversaires, mariage, cadeaux d\u2019entreprise, vitraux pour des fen\u00eatres \u00e0 petit carreaux par exemple, mais beaucoup d\u2019autres choses peuvent \u00eatre faites et propos\u00e9es).                                                                                               Le projet est mis en place avec le demandeur. Un dessin pr\u00e9paratoire est propos\u00e9, ainsi qu\u2019un devis, qui sont valid\u00e9s avant la r\u00e9alisation de l\u2019objet.&nbsp;<\/p>\n<\/div>\n\n\n\n<div class=\"wp-block-column is-layout-flow wp-block-column-is-layout-flow\"><\/div>\n<\/div>\n\n\n\n<div style=\"height:100px\" aria-hidden=\"true\" class=\"wp-block-spacer\"><\/div>\n\n\n\n<p class=\"has-small-font-size\">Pour plus d\u2019informations ou pour une &nbsp;prise de rendez-vous, merci de me contacter : <\/p>\n\n\n\n<p class=\"has-small-font-size\"> soit par mail : stephanie@loiseau-creations.com     <\/p>\n\n\n\n<p class=\"has-small-font-size\"> soit par T\u00e9l\u00e9phone: &nbsp;06 43 06 75 87<\/p>\n\n\n\n<p><\/p>\n","protected":false},"excerpt":{"rendered":"<p>L\u2019Oiseau Cr\u00e9ations vous propose de d\u00e9couvrir l\u2019art du vitrail en participant \u00e0 des stages de d\u00e9couverte.&nbsp;La technique Tiffany est la plus utilis\u00e9e par l\u2019atelier, mais la technique au plomb peut \u00e9galement \u00eatre abord\u00e9e, si le stagiaire le souhaite. Prix du stage : 20\u20ac \/h Cette prestation comprend la r\u00e9alisation sur mesure d\u2019objets sur commande pour&hellip; <br \/> <a class=\"read-more\" href=\"https:\/\/loiseau-creations.com\/?page_id=17\">Lire la suite<\/a><\/p>\n","protected":false},"author":1,"featured_media":0,"parent":0,"menu_order":6,"comment_status":"closed","ping_status":"closed","template":"","meta":{"footnotes":""},"class_list":["post-17","page","type-page","status-publish","hentry"],"_links":{"self":[{"href":"https:\/\/loiseau-creations.com\/index.php?rest_route=\/wp\/v2\/pages\/17","targetHints":{"allow":["GET"]}}],"collection":[{"href":"https:\/\/loiseau-creations.com\/index.php?rest_route=\/wp\/v2\/pages"}],"about":[{"href":"https:\/\/loiseau-creations.com\/index.php?rest_route=\/wp\/v2\/types\/page"}],"author":[{"embeddable":true,"href":"https:\/\/loiseau-creations.com\/index.php?rest_route=\/wp\/v2\/users\/1"}],"replies":[{"embeddable":true,"href":"https:\/\/loiseau-creations.com\/index.php?rest_route=%2Fwp%2Fv2%2Fcomments&post=17"}],"version-history":[{"count":26,"href":"https:\/\/loiseau-creations.com\/index.php?rest_route=\/wp\/v2\/pages\/17\/revisions"}],"predecessor-version":[{"id":1477,"href":"https:\/\/loiseau-creations.com\/index.php?rest_route=\/wp\/v2\/pages\/17\/revisions\/1477"}],"wp:attachment":[{"href":"https:\/\/loiseau-creations.com\/index.php?rest_route=%2Fwp%2Fv2%2Fmedia&parent=17"}],"curies":[{"name":"wp","href":"https:\/\/api.w.org\/{rel}","templated":true}]}}