{"id":1619,"date":"2024-03-31T19:26:19","date_gmt":"2024-03-31T17:26:19","guid":{"rendered":"https:\/\/loiseau-creations.com\/?page_id=1619"},"modified":"2025-03-18T15:07:08","modified_gmt":"2025-03-18T14:07:08","slug":"bracelets-en-metal","status":"publish","type":"page","link":"https:\/\/loiseau-creations.com\/?page_id=1619","title":{"rendered":"Bracelets Vintage"},"content":{"rendered":"\n<p class=\"has-text-align-center has-black-color has-text-color has-link-color has-small-font-size wp-elements-d3a771178e0fed637a56caaaa3d3a03f\" style=\"text-transform:none\">D\u00e9couvrez notre collection exclusive de Bracelets Vintage, chacun \u00e9tant une pi\u00e8ce unique, soigneusement peinte \u00e0 la main sur de la p\u00e2te polym\u00e8re. Chaque bracelet allie la cr\u00e9ativit\u00e9 artisanale \u00e0 un design moderne, offrant ainsi un accessoire qui se distingue par son originalit\u00e9. Fabriqu\u00e9 en acier inoxydable, notre bracelet est \u00e0 la fois robuste et \u00e9l\u00e9gant, tout en \u00e9tant r\u00e9glable pour s&rsquo;adapter parfaitement \u00e0 votre poignet.<\/p>\n\n\n\n<p class=\"has-text-align-center has-black-color has-text-color has-link-color has-small-font-size wp-elements-3257e2954230bc2f5ce899e5a7cf05e0\" style=\"text-transform:none\">Nous vous invitons \u00e0 explorer l&rsquo;ensemble de nos bijoux et cr\u00e9ations en vitrail, o\u00f9 chaque pi\u00e8ce raconte une histoire unique. Si vous avez des questions ou souhaitez des informations compl\u00e9mentaires, n&rsquo;h\u00e9sitez pas \u00e0 utiliser notre formulaire de contact. Nous sommes l\u00e0 pour vous aider !<\/p>\n\n\n\n<p class=\"has-text-align-center has-black-color has-text-color has-link-color has-small-font-size wp-elements-4812792a650b8d38159f97006e4f7080\" style=\"text-transform:none\">Bonne visite et bonne d\u00e9couverte de notre univers cr\u00e9atif !<\/p>\n\n\n\n<div style=\"height:120px\" aria-hidden=\"true\" class=\"wp-block-spacer\"><\/div>\n\n\n\n<div class=\"rl-gallery-container rl-loading\" id=\"rl-gallery-container-1\" data-gallery_id=\"1621\"> <div class=\"rl-gallery rl-basicmasonry-gallery \" id=\"rl-gallery-1\" data-gallery_no=\"1\"> <div class=\"rl-gutter-sizer\"><\/div><div class=\"rl-grid-sizer\"><\/div> <div class=\"rl-gallery-item rl-gallery-item-width-4\" > <div class=\"rl-gallery-item-content\"> <a href=\"https:\/\/loiseau-creations.com\/wp-content\/uploads\/2024\/03\/IMG_9473-737x1024.jpg\" title=\"\" data-rl_title=\"\" class=\"rl-gallery-link\" data-rl_caption=\"\" data-rel=\"lightbox-gallery-bGlnaHRib3gtZ2FsbGVyeS0x\" data-rl_title=\"\" data-rl_caption=\"\" data-magnific_type=\"gallery\"><img loading=\"lazy\" decoding=\"async\" src=\"https:\/\/loiseau-creations.com\/wp-content\/uploads\/2024\/03\/IMG_9473-737x1024.jpg\" width=\"737\" height=\"1024\" alt=\"\" \/><span class=\"rl-gallery-caption\"><span class=\"rl-gallery-item-title\">Bracelet Vintage Peint \u00e0 la main R\u00e9f : BRACV001<\/span><span class=\"rl-gallery-item-caption\">Prix : 33 \u20ac<\/span><\/span><\/a> <\/div> <\/div> <div class=\"rl-gallery-item\" > <div class=\"rl-gallery-item-content\"> <a href=\"https:\/\/loiseau-creations.com\/wp-content\/uploads\/2024\/03\/IMG_9467-670x1024.jpg\" title=\"\" data-rl_title=\"\" class=\"rl-gallery-link\" data-rl_caption=\"\" data-rel=\"lightbox-gallery-bGlnaHRib3gtZ2FsbGVyeS0x\" data-rl_title=\"\" data-rl_caption=\"\" data-magnific_type=\"gallery\"><img loading=\"lazy\" decoding=\"async\" src=\"https:\/\/loiseau-creations.com\/wp-content\/uploads\/2024\/03\/IMG_9467-670x1024.jpg\" width=\"670\" height=\"1024\" alt=\"\" \/><span class=\"rl-gallery-caption\"><span class=\"rl-gallery-item-title\">Bracelet Vintage Peint \u00e0 la main R\u00e9f : BRACV002<\/span><span class=\"rl-gallery-item-caption\">Prix : 33 \u20ac<\/span><\/span><\/a> <\/div> <\/div> <div class=\"rl-gallery-item\" > <div class=\"rl-gallery-item-content\"> <a href=\"https:\/\/loiseau-creations.com\/wp-content\/uploads\/2024\/03\/IMG_9469-673x1024.jpg\" title=\"\" data-rl_title=\"\" class=\"rl-gallery-link\" data-rl_caption=\"\" data-rel=\"lightbox-gallery-bGlnaHRib3gtZ2FsbGVyeS0x\" data-rl_title=\"\" data-rl_caption=\"\" data-magnific_type=\"gallery\"><img loading=\"lazy\" decoding=\"async\" src=\"https:\/\/loiseau-creations.com\/wp-content\/uploads\/2024\/03\/IMG_9469-673x1024.jpg\" width=\"673\" height=\"1024\" alt=\"\" \/><span class=\"rl-gallery-caption\"><span class=\"rl-gallery-item-title\">Bracelet Vintage Peint \u00e0 la main R\u00e9f : BRACV003<\/span><span class=\"rl-gallery-item-caption\">Vendu<\/span><\/span><\/a> <\/div> <\/div> <div class=\"rl-gallery-item\" > <div class=\"rl-gallery-item-content\"> <a href=\"https:\/\/loiseau-creations.com\/wp-content\/uploads\/2024\/03\/IMG_9468-704x1024.jpg\" title=\"\" data-rl_title=\"\" class=\"rl-gallery-link\" data-rl_caption=\"\" data-rel=\"lightbox-gallery-bGlnaHRib3gtZ2FsbGVyeS0x\" data-rl_title=\"\" data-rl_caption=\"\" data-magnific_type=\"gallery\"><img loading=\"lazy\" decoding=\"async\" src=\"https:\/\/loiseau-creations.com\/wp-content\/uploads\/2024\/03\/IMG_9468-704x1024.jpg\" width=\"704\" height=\"1024\" alt=\"\" \/><span class=\"rl-gallery-caption\"><span class=\"rl-gallery-item-title\">Bracelet Vintage Peint \u00e0 la main R\u00e9f : BRACV004<\/span><span class=\"rl-gallery-item-caption\">V<\/span><\/span><\/a> <\/div> <\/div> <div class=\"rl-gallery-item\" > <div class=\"rl-gallery-item-content\"> <a href=\"https:\/\/loiseau-creations.com\/wp-content\/uploads\/2024\/03\/IMG_9466-685x1024.jpg\" title=\"\" data-rl_title=\"\" class=\"rl-gallery-link\" data-rl_caption=\"\" data-rel=\"lightbox-gallery-bGlnaHRib3gtZ2FsbGVyeS0x\" data-rl_title=\"\" data-rl_caption=\"\" data-magnific_type=\"gallery\"><img loading=\"lazy\" decoding=\"async\" src=\"https:\/\/loiseau-creations.com\/wp-content\/uploads\/2024\/03\/IMG_9466-685x1024.jpg\" width=\"685\" height=\"1024\" alt=\"\" \/><span class=\"rl-gallery-caption\"><span class=\"rl-gallery-item-title\">Bracelet Vintage Peint \u00e0 la main R\u00e9f : BRACV005 Vendu<\/span><span class=\"rl-gallery-item-caption\">Prix : 33 \u20ac<\/span><\/span><\/a> <\/div> <\/div> <div class=\"rl-gallery-item\" > <div class=\"rl-gallery-item-content\"> <a href=\"https:\/\/loiseau-creations.com\/wp-content\/uploads\/2024\/03\/IMG_9471-747x1024.jpg\" title=\"\" data-rl_title=\"\" class=\"rl-gallery-link\" data-rl_caption=\"\" data-rel=\"lightbox-gallery-bGlnaHRib3gtZ2FsbGVyeS0x\" data-rl_title=\"\" data-rl_caption=\"\" data-magnific_type=\"gallery\"><img loading=\"lazy\" decoding=\"async\" src=\"https:\/\/loiseau-creations.com\/wp-content\/uploads\/2024\/03\/IMG_9471-747x1024.jpg\" width=\"747\" height=\"1024\" alt=\"\" \/><span class=\"rl-gallery-caption\"><span class=\"rl-gallery-item-title\">Bracelet Vintage Peint \u00e0 la main R\u00e9f : BRACV006<\/span><span class=\"rl-gallery-item-caption\">Vendu<\/span><\/span><\/a> <\/div> <\/div> <div class=\"rl-gallery-item\" > <div class=\"rl-gallery-item-content\"> <a href=\"https:\/\/loiseau-creations.com\/wp-content\/uploads\/2024\/03\/IMG_9470-679x1024.jpg\" title=\"\" data-rl_title=\"\" class=\"rl-gallery-link\" data-rl_caption=\"\" data-rel=\"lightbox-gallery-bGlnaHRib3gtZ2FsbGVyeS0x\" data-rl_title=\"\" data-rl_caption=\"\" data-magnific_type=\"gallery\"><img loading=\"lazy\" decoding=\"async\" src=\"https:\/\/loiseau-creations.com\/wp-content\/uploads\/2024\/03\/IMG_9470-679x1024.jpg\" width=\"679\" height=\"1024\" alt=\"\" \/><span class=\"rl-gallery-caption\"><span class=\"rl-gallery-item-title\">Bracelet Vintage Peint \u00e0 la main R\u00e9f : BRACV007<\/span><span class=\"rl-gallery-item-caption\">Vendu<\/span><\/span><\/a> <\/div> <\/div> <div class=\"rl-gallery-item\" > <div class=\"rl-gallery-item-content\"> <a href=\"https:\/\/loiseau-creations.com\/wp-content\/uploads\/2024\/03\/IMG_9472-678x1024.jpg\" title=\"\" data-rl_title=\"\" class=\"rl-gallery-link\" data-rl_caption=\"\" data-rel=\"lightbox-gallery-bGlnaHRib3gtZ2FsbGVyeS0x\" data-rl_title=\"\" data-rl_caption=\"\" data-magnific_type=\"gallery\"><img loading=\"lazy\" decoding=\"async\" src=\"https:\/\/loiseau-creations.com\/wp-content\/uploads\/2024\/03\/IMG_9472-678x1024.jpg\" width=\"678\" height=\"1024\" alt=\"\" \/><span class=\"rl-gallery-caption\"><span class=\"rl-gallery-item-title\">Bracelet Vintage Peint \u00e0 la main R\u00e9f : BRACV008<\/span><span class=\"rl-gallery-item-caption\">Prix : 33 \u20ac<\/span><\/span><\/a> <\/div> <\/div> <div class=\"rl-gallery-item\" > <div class=\"rl-gallery-item-content\"> <a href=\"https:\/\/loiseau-creations.com\/wp-content\/uploads\/2024\/03\/IMG_9465-673x1024.jpg\" title=\"\" data-rl_title=\"\" class=\"rl-gallery-link\" data-rl_caption=\"\" data-rel=\"lightbox-gallery-bGlnaHRib3gtZ2FsbGVyeS0x\" data-rl_title=\"\" data-rl_caption=\"\" data-magnific_type=\"gallery\"><img loading=\"lazy\" decoding=\"async\" src=\"https:\/\/loiseau-creations.com\/wp-content\/uploads\/2024\/03\/IMG_9465-673x1024.jpg\" width=\"673\" height=\"1024\" alt=\"\" \/><span class=\"rl-gallery-caption\"><span class=\"rl-gallery-item-title\">Bracelet Peint \u00e0 la main R\u00e9f : BRACV009<\/span><span class=\"rl-gallery-item-caption\">Prix : 33 \u20ac<\/span><\/span><\/a> <\/div> <\/div> <div class=\"rl-gallery-item\" > <div class=\"rl-gallery-item-content\"> <a href=\"https:\/\/loiseau-creations.com\/wp-content\/uploads\/2024\/03\/IMG_2709-728x1024.jpg\" title=\"\" data-rl_title=\"\" class=\"rl-gallery-link\" data-rl_caption=\"\" data-rel=\"lightbox-gallery-bGlnaHRib3gtZ2FsbGVyeS0x\" data-rl_title=\"\" data-rl_caption=\"\" data-magnific_type=\"gallery\"><img loading=\"lazy\" decoding=\"async\" src=\"https:\/\/loiseau-creations.com\/wp-content\/uploads\/2024\/03\/IMG_2709-728x1024.jpg\" width=\"728\" height=\"1024\" alt=\"\" \/><span class=\"rl-gallery-caption\"><span class=\"rl-gallery-item-title\">Bracelet Peint \u00e0 la main R\u00e9f : BRACV010<\/span><span class=\"rl-gallery-item-caption\">Prix : 28 \u20ac<\/span><\/span><\/a> <\/div> <\/div> <div class=\"rl-gallery-item\" > <div class=\"rl-gallery-item-content\"> <a href=\"https:\/\/loiseau-creations.com\/wp-content\/uploads\/2024\/03\/IMG_2706-1-728x1024.jpg\" title=\"\" data-rl_title=\"\" class=\"rl-gallery-link\" data-rl_caption=\"\" data-rel=\"lightbox-gallery-bGlnaHRib3gtZ2FsbGVyeS0x\" data-rl_title=\"\" data-rl_caption=\"\" data-magnific_type=\"gallery\"><img loading=\"lazy\" decoding=\"async\" src=\"https:\/\/loiseau-creations.com\/wp-content\/uploads\/2024\/03\/IMG_2706-1-728x1024.jpg\" width=\"728\" height=\"1024\" alt=\"\" \/><span class=\"rl-gallery-caption\"><span class=\"rl-gallery-item-title\">Bracelet ouvert Peint \u00e0 la main R\u00e9f : BRACV010<\/span><span class=\"rl-gallery-item-caption\">Prix : 28 \u20ac<\/span><\/span><\/a> <\/div> <\/div> <\/div> <\/div>\n\n\n\n<p><\/p>\n","protected":false},"excerpt":{"rendered":"<p>D\u00e9couvrez notre collection exclusive de Bracelets Vintage, chacun \u00e9tant une pi\u00e8ce unique, soigneusement peinte \u00e0 la main sur de la p\u00e2te polym\u00e8re. Chaque bracelet allie la cr\u00e9ativit\u00e9 artisanale \u00e0 un design moderne, offrant ainsi un accessoire qui se distingue par son originalit\u00e9. Fabriqu\u00e9 en acier inoxydable, notre bracelet est \u00e0 la fois robuste et \u00e9l\u00e9gant,&hellip; <br \/> <a class=\"read-more\" href=\"https:\/\/loiseau-creations.com\/?page_id=1619\">Lire la suite<\/a><\/p>\n","protected":false},"author":1,"featured_media":0,"parent":2078,"menu_order":0,"comment_status":"closed","ping_status":"closed","template":"","meta":{"footnotes":""},"class_list":["post-1619","page","type-page","status-publish","hentry"],"_links":{"self":[{"href":"https:\/\/loiseau-creations.com\/index.php?rest_route=\/wp\/v2\/pages\/1619","targetHints":{"allow":["GET"]}}],"collection":[{"href":"https:\/\/loiseau-creations.com\/index.php?rest_route=\/wp\/v2\/pages"}],"about":[{"href":"https:\/\/loiseau-creations.com\/index.php?rest_route=\/wp\/v2\/types\/page"}],"author":[{"embeddable":true,"href":"https:\/\/loiseau-creations.com\/index.php?rest_route=\/wp\/v2\/users\/1"}],"replies":[{"embeddable":true,"href":"https:\/\/loiseau-creations.com\/index.php?rest_route=%2Fwp%2Fv2%2Fcomments&post=1619"}],"version-history":[{"count":11,"href":"https:\/\/loiseau-creations.com\/index.php?rest_route=\/wp\/v2\/pages\/1619\/revisions"}],"predecessor-version":[{"id":2191,"href":"https:\/\/loiseau-creations.com\/index.php?rest_route=\/wp\/v2\/pages\/1619\/revisions\/2191"}],"up":[{"embeddable":true,"href":"https:\/\/loiseau-creations.com\/index.php?rest_route=\/wp\/v2\/pages\/2078"}],"wp:attachment":[{"href":"https:\/\/loiseau-creations.com\/index.php?rest_route=%2Fwp%2Fv2%2Fmedia&parent=1619"}],"curies":[{"name":"wp","href":"https:\/\/api.w.org\/{rel}","templated":true}]}}