{"id":1590,"date":"2024-03-31T18:09:12","date_gmt":"2024-03-31T16:09:12","guid":{"rendered":"https:\/\/loiseau-creations.com\/?page_id=1590"},"modified":"2026-03-12T08:31:18","modified_gmt":"2026-03-12T07:31:18","slug":"boucles-doreilles","status":"publish","type":"page","link":"https:\/\/loiseau-creations.com\/?page_id=1590","title":{"rendered":"Boucles d&rsquo;Oreilles"},"content":{"rendered":"\n<p class=\"has-text-align-center has-black-color has-text-color has-link-color has-small-font-size wp-elements-dc94e6ee8d9daf52cc379a9dba4d03b6\">D\u00e9couvrez notre collection exclusive de boucles d&rsquo;oreilles en Vitrail, des pi\u00e8ces uniques cr\u00e9\u00e9es avec soin et passion. Fabriqu\u00e9es \u00e0 partir de verre de vitrail, je  r\u00e9cup\u00e8re les chutes pour minimiser le gaspillage et la perte, tout en offrant des couleurs vibrantes et \u00e9clatantes. Gr\u00e2ce \u00e0 ma large s\u00e9lection de motifs et de teintes, chaque paire de boucles d&rsquo;oreilles est une v\u00e9ritable \u0153uvre d&rsquo;art.<\/p>\n\n\n\n<p class=\"has-text-align-center has-black-color has-text-color has-link-color has-small-font-size wp-elements-ee70911280fd5ae0d1abaf109a6b5a52\">Les attaches de mes boucles d&rsquo;oreilles sont en argent 925, un mat\u00e9riau reconnu pour sa durabilit\u00e9 et son \u00e9l\u00e9gance. Cette composition garantit non seulement un confort optimal pour vos oreilles, mais elle est \u00e9galement hypoallerg\u00e9nique, minimisant ainsi les risques d&rsquo;irritation. Chaque d\u00e9tail de mes cr\u00e9ations est soigneusement pens\u00e9 pour vous offrir une exp\u00e9rience de port agr\u00e9able et esth\u00e9tique, alliant style et praticit\u00e9. Que ce soit pour une occasion sp\u00e9ciale ou pour un usage quotidien, mes boucles d&rsquo;oreilles sauront sublimer votre look tout en vous assurant un confort in\u00e9gal\u00e9.<\/p>\n\n\n\n<p class=\"has-text-align-center has-black-color has-text-color has-link-color has-small-font-size wp-elements-7edd8fb5f71c7d0cddbadf9ccfdfc048\">N\u2019h\u00e9sitez pas \u00e0 explorer l\u2019ensemble de mes bijoux et cr\u00e9ations en vitrail, o\u00f9 chaque pi\u00e8ce raconte une histoire unique. Pour toute question ou demande d\u2019information suppl\u00e9mentaire, le formulaire de contact est \u00e0 votre disposition.<\/p>\n\n\n\n<p class=\"has-text-align-center has-black-color has-text-color has-link-color has-small-font-size wp-elements-91cb764e90f9fe0a913c6919f2f4531f\">Nous vous souhaitons une agr\u00e9able visite sur notre site .<\/p>\n\n\n\n<div style=\"height:100px\" aria-hidden=\"true\" class=\"wp-block-spacer\"><\/div>\n\n\n\n\n\n\n<p><\/p>\n","protected":false},"excerpt":{"rendered":"<p>D\u00e9couvrez notre collection exclusive de boucles d&rsquo;oreilles en Vitrail, des pi\u00e8ces uniques cr\u00e9\u00e9es avec soin et passion. Fabriqu\u00e9es \u00e0 partir de verre de vitrail, je r\u00e9cup\u00e8re les chutes pour minimiser le gaspillage et la perte, tout en offrant des couleurs vibrantes et \u00e9clatantes. Gr\u00e2ce \u00e0 ma large s\u00e9lection de motifs et de teintes, chaque paire&hellip; <br \/> <a class=\"read-more\" href=\"https:\/\/loiseau-creations.com\/?page_id=1590\">Lire la suite<\/a><\/p>\n","protected":false},"author":1,"featured_media":0,"parent":98,"menu_order":0,"comment_status":"closed","ping_status":"closed","template":"","meta":{"footnotes":""},"class_list":["post-1590","page","type-page","status-publish","hentry"],"_links":{"self":[{"href":"https:\/\/loiseau-creations.com\/index.php?rest_route=\/wp\/v2\/pages\/1590","targetHints":{"allow":["GET"]}}],"collection":[{"href":"https:\/\/loiseau-creations.com\/index.php?rest_route=\/wp\/v2\/pages"}],"about":[{"href":"https:\/\/loiseau-creations.com\/index.php?rest_route=\/wp\/v2\/types\/page"}],"author":[{"embeddable":true,"href":"https:\/\/loiseau-creations.com\/index.php?rest_route=\/wp\/v2\/users\/1"}],"replies":[{"embeddable":true,"href":"https:\/\/loiseau-creations.com\/index.php?rest_route=%2Fwp%2Fv2%2Fcomments&post=1590"}],"version-history":[{"count":7,"href":"https:\/\/loiseau-creations.com\/index.php?rest_route=\/wp\/v2\/pages\/1590\/revisions"}],"predecessor-version":[{"id":3151,"href":"https:\/\/loiseau-creations.com\/index.php?rest_route=\/wp\/v2\/pages\/1590\/revisions\/3151"}],"up":[{"embeddable":true,"href":"https:\/\/loiseau-creations.com\/index.php?rest_route=\/wp\/v2\/pages\/98"}],"wp:attachment":[{"href":"https:\/\/loiseau-creations.com\/index.php?rest_route=%2Fwp%2Fv2%2Fmedia&parent=1590"}],"curies":[{"name":"wp","href":"https:\/\/api.w.org\/{rel}","templated":true}]}}